885201 and 44?
11
What is the highest common factor of 3511 and 226666649?
3511
Calculate the greatest common factor of 7 and 197638.
7
What is the highest common factor of 8160 and 29148234?
102
Calculate the greatest common divisor of 2223 and 2111603.
247
Calculate the greatest common factor of 100884 and 22596.
84
Calculate the highest common factor of 772503536 and 1008.
112
What is the greatest common divisor of 3506768 and 141032?
488
What is the highest common factor of 5024 and 319144?
8
What is the greatest common factor of 1143 and 4544314?
127
What is the highest common factor of 1337 and 48506933?
191
Calculate the greatest common divisor of 499028 and 18.
2
Calculate the greatest common factor of 313007 and 384307.
713
What is the highest common factor of 316906912 and 448?
224
Calculate the greatest common divisor of 68809200 and 2160.
240
What is the greatest common divisor of 1097629 and 400660?
299
Calculate the highest common divisor of 324553 and 44525.
137
Calculate the highest common divisor of 1491873064 and 3048.
1016
Calculate the highest common factor of 249525879 and 19.
19
What is the highest common factor of 154743600 and 171?
57
Calculate the greatest common factor of 17215172 and 26.
26
Calculate the highest common factor of 641 and 170153450.
641
What is the greatest common divisor of 92508 and 2652?
156
Calculate the highest common factor of 3970629 and 286.
13
Calculate the greatest common factor of 81033568 and 4928.
2464
What is the greatest common factor of 43624 and 3928288?
1064
What is the highest common divisor of 46883 and 1915157?
271
Calculate the greatest common factor of 800383 and 7313.
71
What is the highest common divisor of 886494 and 15162?
42
What is the greatest common factor of 4580939 and 20174?
1441
What is the greatest common divisor of 2287834180 and 20?
20
What is the highest common factor of 1256 and 748152?
8
What is the greatest common divisor of 32899867 and 299?
299
What is the highest common factor of 586458 and 10510?
2102
What is the highest common divisor of 2765016 and 150093?
1377
What is the greatest common factor of 10 and 6996771?
1
What is the highest common factor of 1199 and 108445517?
109
Calculate the highest common divisor of 2696 and 39035384.
2696
What is the highest common divisor of 31435770 and 30?
30
Calculate the greatest common factor of 19300 and 16825.
25
What is the greatest common factor of 6143715 and 85?
85
Calculate the highest common factor of 7200760 and 3670.
10
Calculate the highest common divisor of 9607926 and 37056.
1158
Calculate the highest common factor of 66067465 and 19.
19
Calculate the highest common factor of 1663840 and 48.
16
What is the highest common factor of 12361490 and 110?
10
What is the greatest common divisor of 5094 and 7578?
18
Calculate the highest common divisor of 893 and 449711.
19
Calculate the greatest common factor of 63 and 19579707.
63
Calculate the highest common factor of 2 and 572150.
2
What is the highest common divisor of 5616 and 36588942?
702
What is the greatest common factor of 40 and 8293475?
5
Calculate the highest common factor of 5076027 and 297.
297
What is the greatest common divisor of 3551940 and 1620?
180
Calculate the highest common divisor of 2410 and 5985235.
1205
Calculate the greatest common factor of 68543082 and 1656.
414
What is the greatest common factor of 5934 and 213555?
69
Calculate the greatest common factor of 1379849 and 69571.
29
What is the greatest common divisor of 8316 and 22792?
308
What is the greatest common divisor of 2167 and 2626207?
197
What is the highest common divisor of 469010681 and 226?
113
What is the greatest common divisor of 12032 and 162338?
94
What is the greatest common divisor of 19 and 21416477?
19
What is the greatest common factor of 5821288 and 60572?
3188
Calculate the greatest common factor of 19584 and 1262403.
153
What is the greatest common divisor of 57452 and 4893172?
212
What is the greatest common factor of 1453095 and 2989?
49
Calculate the greatest common factor of 2106 and 41678.
26
Calculate the highest common factor of 222461152 and 1504.
1504
What is the highest common factor of 300113600 and 32100?
10700
Calculate the greatest common factor of 32 and 37894192.
16
What is the highest common divisor of 2339 and 788853479?
2339
Calculate the greatest common factor of 748 and 5540062.
374
What is the highest common divisor of 114085 and 13295?
5
What is the highest common factor of 1950 and 9425250?
150
Calculate the highest common divisor of 34 and 13001379.
17
What is the highest common divisor of 27537 and 39086511?
411
What is the highest common divisor of 1446928 and 1296?
16
Calculate the highest common factor of 196620 and 342780.
1740
What is the highest common divisor of 31498803 and 612?
9
What is the greatest common divisor of 4193646450 and 1050?
1050
Calculate the greatest common factor of 2339694 and 269514.
3906
Calculate the greatest common divisor of 34345121 and 3188.
797
What is the greatest common divisor of 96 and 15914076?
12
Calculate the highest common divisor of 268224 and 14696.
88
Calculate the greatest common divisor of 27861 and 1736167.
251
Calculate the greatest common divisor of 8937672 and 911307.
3813
Calculate the highest common factor of 201026 and 119024.
346
What is the greatest common factor of 7514 and 22828?
26
Calculate the greatest common factor of 4130606 and 814.
74
Calculate the greatest common divisor of 464 and 2263798.
58
Calculate the highest common divisor of 44 and 62674524.
44
What is the highest common divisor of 51084 and 21879?
99
What is the highest common factor of 50174380 and 188?
188
What is the greatest common factor of 1 and 54607891?
1
Calculate the greatest common divisor of 9844 and 157400638.
4922
Calculate the highest common divisor of 355460 and 5740.
140
Calculate the highest common factor of 5178680 and 575.
115
Calculate the highest common divisor of 265901 and 3662671.
1537
Calculate the greatest common divisor of 514691 and 10138913.
4997
Calculate the greatest common factor of 396081 and 21861.
63
What is the greatest common divisor of 15312 and 9663456?
528
What is the highest common divisor of 198 and 316431588?
66
Calculate the greatest common factor of 136 and 2331278.
34
Calculate the greatest common divisor of 849011 and 3013.
131
Calculate the highest common divisor of 40 and 406879400.
40
Calculate the highest common factor of 994 and 709058.
14
Calculate the greatest common factor of 3030 and 73822920.
3030
Calculate the greatest common divisor of 11869591 and 5633.
43
What is the highest common divisor of 1692567 and 63?
9
What is the highest common factor of 1870160 and 18316?
964
Calculate the greatest common divisor of 9912 and 4007472.
168
Calculate the highest common factor of 380919 and 2772.
231
Calculate the greatest common divisor of 713 and 886042.
31
What is the highest common divisor of 270 and 1180845?
135
Calculate the highest common divisor of 112 and 4977238.
14
What is the highest common divisor of 438934692 and 588?
84
Calculate the greatest common factor of 235510439 and 111.
37
What is the greatest common divisor of 8388 and 9899937?
2097
Calculate the greatest common factor of 18876 and 123474.
78
What is the highest common factor of 58546824 and 366?
366
Calculate the greatest common divisor of 64749711 and 996.
249
Calculate the highest common divisor of 7696 and 6047576.
296
What is the highest common factor of 795303 and 32301?
873
Calculate the greatest common divisor of 4023 and 50126580.
4023
What is the greatest common divisor of 1537120 and 1480?
40
What is the highest common factor of 21846168 and 2518?
2518
What is the highest common divisor of 448 and 784742?
14
What is the greatest common factor of 62470750 and 80750?
4250
Calculate the highest common divisor of 2514321 and 18954.
729
What is the greatest common divisor of 1152 and 2307?
3
Calculate the highest common divisor of 691939040 and 24.
8
Calculate the greatest common factor of 412 and 1909311.
103
What is the greatest common divisor of 66543315 and 51?
3
What is the greatest common factor of 453128 and 4992?
104
Calculate the greatest common divisor of 82552